{"id":6,"date":"2016-07-17T14:48:14","date_gmt":"2016-07-17T14:48:14","guid":{"rendered":"http:\/\/waldhaus-woerth.de\/?page_id=6"},"modified":"2021-07-05T17:51:54","modified_gmt":"2021-07-05T17:51:54","slug":"impressum","status":"publish","type":"page","link":"https:\/\/waldhaus-woerth.de\/?page_id=6","title":{"rendered":"Impressum"},"content":{"rendered":"<p><b>Waldhaus Diana, W\u00f6rth am Main<br \/>\n(Betreiberadresse, nicht die vom Waldhaus!)<\/b><br \/>\nBetreiber: Oliver Engel<br \/>\nRh\u00f6nstr. 5<br \/>\n64750 L\u00fctzelbach<\/p>\n<table>\n<tbody>\n<tr>\n<td>Tel.:<\/td>\n<td>+49 160 1539428<\/td>\n<\/tr>\n<tr>\n<td><\/td>\n<td><\/td>\n<\/tr>\n<tr>\n<td>eMail:<\/td>\n<td><a href=\"mailto:Engel-Express-Kuriere@gmx.de\" target=\"\" rel=\"noopener\">Engel-Express-Kuriere@gmx.de<\/a><\/td>\n<\/tr>\n<tr>\n<td>Internet:<\/td>\n<td>www.waldhaus-woerth.de<\/td>\n<\/tr>\n<tr>\n<td colspan=\"2\"><\/td>\n<\/tr>\n<tr>\n<td colspan=\"2\">Umsatzsteuer ID: DE249102684<\/td>\n<\/tr>\n<\/tbody>\n<\/table>\n<p><b>Haftungsausschluss<\/b><br \/>\nSollten wir direkte oder indirekte Verkn\u00fcpfungen zu fremden Webseiten angelegt haben, so haben wir auf deren Inhalt keinerlei Einfluss. Wir erkl\u00e4ren hiermit ausdr\u00fccklich, dass zum Zeitpunkt der Linksetzung keine illegalen Inhalte erkennbar waren. Wir distanzieren uns auch ausdr\u00fccklich von\u00a0Inhalten aller ver- linkten\/verkn\u00fcpften Seiten, die nach der Linksetzung ver\u00e4ndert wurden. Falls entsprechende Inhalte gegen geltendes Recht versto\u00dfen, bitten wir Sie, uns dies mitzuteilen. Diese Links werden dann sofort aus unseren Seiten entfernt.<br \/>\nInhaltlich Verantwortlicher gem\u00e4\u00df \u00a7 10 Absatz 3 MDStV:<br \/>\nOliver Engel<\/p>\n<p>(Achtung nicht die Adresse vom Waldhaus)<br \/>\nRh\u00f6nstr. 5<br \/>\n64750 Seckmauern<br \/>\nE-Mail: <a href=\"mailto:Engel-Express-Kuriere@gmx.de\">Engel-Express-Kuriere@gmx.de<\/a><\/p>\n","protected":false},"excerpt":{"rendered":"<p>Waldhaus Diana, W\u00f6rth am Main (Betreiberadresse, nicht die vom Waldhaus!) Betreiber: Oliver Engel Rh\u00f6nstr. 5 64750 L\u00fctzelbach Tel.: +49 160 1539428 eMail: Engel-Express-Kuriere@gmx.de Internet: www.waldhaus-woerth.de Umsatzsteuer ID: DE249102684 Haftungsausschluss Sollten wir direkte oder indirekte Verkn\u00fcpfungen zu fremden Webseiten angelegt haben, so haben wir auf deren Inhalt keinerlei Einfluss. Wir erkl\u00e4ren hiermit ausdr\u00fccklich, dass zum Zeitpunkt [&hellip;]<\/p>\n","protected":false},"author":2,"featured_media":0,"parent":0,"menu_order":0,"comment_status":"closed","ping_status":"closed","template":"","meta":{"footnotes":""},"class_list":["post-6","page","type-page","status-publish","hentry","post-preview"],"_links":{"self":[{"href":"https:\/\/waldhaus-woerth.de\/index.php?rest_route=\/wp\/v2\/pages\/6","targetHints":{"allow":["GET"]}}],"collection":[{"href":"https:\/\/waldhaus-woerth.de\/index.php?rest_route=\/wp\/v2\/pages"}],"about":[{"href":"https:\/\/waldhaus-woerth.de\/index.php?rest_route=\/wp\/v2\/types\/page"}],"author":[{"embeddable":true,"href":"https:\/\/waldhaus-woerth.de\/index.php?rest_route=\/wp\/v2\/users\/2"}],"replies":[{"embeddable":true,"href":"https:\/\/waldhaus-woerth.de\/index.php?rest_route=%2Fwp%2Fv2%2Fcomments&post=6"}],"version-history":[{"count":6,"href":"https:\/\/waldhaus-woerth.de\/index.php?rest_route=\/wp\/v2\/pages\/6\/revisions"}],"predecessor-version":[{"id":221,"href":"https:\/\/waldhaus-woerth.de\/index.php?rest_route=\/wp\/v2\/pages\/6\/revisions\/221"}],"wp:attachment":[{"href":"https:\/\/waldhaus-woerth.de\/index.php?rest_route=%2Fwp%2Fv2%2Fmedia&parent=6"}],"curies":[{"name":"wp","href":"https:\/\/api.w.org\/{rel}","templated":true}]}}